{"id":5745,"date":"2017-06-21T10:20:12","date_gmt":"2017-06-21T08:20:12","guid":{"rendered":"http:\/\/www.zssv-illerberg-thal.de\/?page_id=5745"},"modified":"2020-03-02T21:39:54","modified_gmt":"2020-03-02T20:39:54","slug":"schuetzenheim","status":"publish","type":"page","link":"http:\/\/www.zssv-illerberg-thal.de\/?page_id=5745","title":{"rendered":"Sch\u00fctzenheim"},"content":{"rendered":"<h6>Unser gem\u00fctliches Sch\u00fctzenheim hat zu unseren regul\u00e4ren Schiesszeiten ge\u00f6ffnet:<\/h6>\n<h6>&nbsp;<\/h6>\n<h6><strong><span style=\"color: #008000;\">Mittwochs von 19.00 bis 22.00 Uhr<\/span><\/strong><br \/>\n<strong><span style=\"color: #008000;\"> Freitags von 19.00 bis 22.00 Uhr<\/span><\/strong><\/h6>\n<h6>&nbsp;<\/h6>\n<h6>Sch\u00fctzenheim Telefon (0 73 06) 9 29 57 55<\/h6>\n<h6>&nbsp;<\/h6>\n<p><a href=\"http:\/\/www.zssv-illerberg-thal.de\/wp-content\/uploads\/2017\/06\/schuetzenheim.jpg\"><img loading=\"lazy\" decoding=\"async\" class=\"alignnone wp-image-5750\" src=\"http:\/\/www.zssv-illerberg-thal.de\/wp-content\/uploads\/2017\/06\/schuetzenheim-300x140.jpg\" alt=\"\" width=\"411\" height=\"192\" srcset=\"http:\/\/www.zssv-illerberg-thal.de\/wp-content\/uploads\/2017\/06\/schuetzenheim-300x140.jpg 300w, http:\/\/www.zssv-illerberg-thal.de\/wp-content\/uploads\/2017\/06\/schuetzenheim-768x357.jpg 768w, http:\/\/www.zssv-illerberg-thal.de\/wp-content\/uploads\/2017\/06\/schuetzenheim-1024x476.jpg 1024w, http:\/\/www.zssv-illerberg-thal.de\/wp-content\/uploads\/2017\/06\/schuetzenheim.jpg 1180w\" sizes=\"auto, (max-width: 411px) 100vw, 411px\" \/><\/a><\/p>\n","protected":false},"excerpt":{"rendered":"<p>Unser gem\u00fctliches Sch\u00fctzenheim hat zu unseren regul\u00e4ren Schiesszeiten ge\u00f6ffnet: &nbsp; Mittwochs von 19.00 bis 22.00 Uhr Freitags von 19.00 bis 22.00 Uhr &nbsp; Sch\u00fctzenheim Telefon (0 73 06) 9 29 57 55 &nbsp;<\/p>\n","protected":false},"author":5,"featured_media":0,"parent":0,"menu_order":0,"comment_status":"closed","ping_status":"closed","template":"","meta":{"ngg_post_thumbnail":0,"footnotes":""},"class_list":["post-5745","page","type-page","status-publish","hentry"],"_links":{"self":[{"href":"http:\/\/www.zssv-illerberg-thal.de\/index.php?rest_route=\/wp\/v2\/pages\/5745","targetHints":{"allow":["GET"]}}],"collection":[{"href":"http:\/\/www.zssv-illerberg-thal.de\/index.php?rest_route=\/wp\/v2\/pages"}],"about":[{"href":"http:\/\/www.zssv-illerberg-thal.de\/index.php?rest_route=\/wp\/v2\/types\/page"}],"author":[{"embeddable":true,"href":"http:\/\/www.zssv-illerberg-thal.de\/index.php?rest_route=\/wp\/v2\/users\/5"}],"replies":[{"embeddable":true,"href":"http:\/\/www.zssv-illerberg-thal.de\/index.php?rest_route=%2Fwp%2Fv2%2Fcomments&post=5745"}],"version-history":[{"count":18,"href":"http:\/\/www.zssv-illerberg-thal.de\/index.php?rest_route=\/wp\/v2\/pages\/5745\/revisions"}],"predecessor-version":[{"id":8310,"href":"http:\/\/www.zssv-illerberg-thal.de\/index.php?rest_route=\/wp\/v2\/pages\/5745\/revisions\/8310"}],"wp:attachment":[{"href":"http:\/\/www.zssv-illerberg-thal.de\/index.php?rest_route=%2Fwp%2Fv2%2Fmedia&parent=5745"}],"curies":[{"name":"wp","href":"https:\/\/api.w.org\/{rel}","templated":true}]}}