{"id":201,"date":"2011-05-03T18:36:06","date_gmt":"2011-05-03T16:36:06","guid":{"rendered":"http:\/\/www.zssv-illerberg-thal.de\/?page_id=201"},"modified":"2017-02-11T19:47:32","modified_gmt":"2017-02-11T18:47:32","slug":"patenvereine","status":"publish","type":"page","link":"http:\/\/www.zssv-illerberg-thal.de\/?page_id=201","title":{"rendered":"Patenvereine"},"content":{"rendered":"<h3>K\u00f6niglich Priviligierte Feuersch\u00fctzen-Gesellschaft Neu-Ulm<\/h3>\n<p>Die Kgl. Priv. Feuersch\u00fctzen-Gesellschaft Neu-Ulm ist unser Pate. Sie \u00fcbernahm bei unserer Fahnenweihe am 01. Juni 1925 in Illerberg die Patenschaft f\u00fcr unseren Verein (heute: K\u00f6niglich Priviligierte Sch\u00fctzengesellschaft 1870 Neu-Ulm).<\/p>\n<h3>Zimmerstutzen-Sch\u00fctzenverein Wei\u00dfenhorn<\/h3>\n<p>Der Zimmerstutzen Sch\u00fctzenverein Illerberg-Thal \u00fcbernahm bei der Fahnenweihe des Zimmerstutzen-Sch\u00fctzenvereins Wei\u00dfenhorn am 11. Juli 1926 in Wei\u00dfenhorn die Patenschaft (heute: K\u00f6niglich Priviligierte Sch\u00fctzengesellschaft Wei\u00dfenhorn).<\/p>\n<h3>Sch\u00fctzenverein Emershofen<\/h3>\n<p>Der Zimmerstutzen Sch\u00fctzenverein Illerberg-Thal ist Pate des Sch\u00fctzenvereins Emershofen. Anl\u00e4sslich des 20-j\u00e4hrigen Vereinsjubil\u00e4ums des Sch\u00fctzenvereins Emershofen wurde am 25. Mai 1929 in Emershofen die neue Fahne geweiht, wo unser Verein den Paten stellte.<\/p>\n<h3>Sch\u00fctzenverein Adler Hittistetten-Witzighausen<\/h3>\n<p>Am 8. Juli 1956 wurde in Witzighausen die Vereinsfahne des Sch\u00fctzenvereins Adler Hittistetten-Witzighausen geweiht. Dem Sch\u00fctzenverein Illerberg-Thal wurde die Ehre zuteil, die Patenschaft zu \u00fcbernehmen.<\/p>\n","protected":false},"excerpt":{"rendered":"<p>K\u00f6niglich Priviligierte Feuersch\u00fctzen-Gesellschaft Neu-Ulm Die Kgl. Priv. Feuersch\u00fctzen-Gesellschaft Neu-Ulm ist unser Pate. Sie \u00fcbernahm bei unserer Fahnenweihe am 01. Juni 1925 in Illerberg die Patenschaft f\u00fcr unseren Verein (heute: K\u00f6niglich Priviligierte Sch\u00fctzengesellschaft 1870 Neu-Ulm). Zimmerstutzen-Sch\u00fctzenverein Wei\u00dfenhorn Der Zimmerstutzen Sch\u00fctzenverein Illerberg-Thal \u00fcbernahm bei der Fahnenweihe des Zimmerstutzen-Sch\u00fctzenvereins Wei\u00dfenhorn am 11. Juli 1926 in Wei\u00dfenhorn die Patenschaft [&hellip;]<\/p>\n","protected":false},"author":5,"featured_media":0,"parent":25,"menu_order":4,"comment_status":"closed","ping_status":"closed","template":"page-full-width.php","meta":{"ngg_post_thumbnail":0,"footnotes":""},"class_list":["post-201","page","type-page","status-publish","hentry"],"_links":{"self":[{"href":"http:\/\/www.zssv-illerberg-thal.de\/index.php?rest_route=\/wp\/v2\/pages\/201","targetHints":{"allow":["GET"]}}],"collection":[{"href":"http:\/\/www.zssv-illerberg-thal.de\/index.php?rest_route=\/wp\/v2\/pages"}],"about":[{"href":"http:\/\/www.zssv-illerberg-thal.de\/index.php?rest_route=\/wp\/v2\/types\/page"}],"author":[{"embeddable":true,"href":"http:\/\/www.zssv-illerberg-thal.de\/index.php?rest_route=\/wp\/v2\/users\/5"}],"replies":[{"embeddable":true,"href":"http:\/\/www.zssv-illerberg-thal.de\/index.php?rest_route=%2Fwp%2Fv2%2Fcomments&post=201"}],"version-history":[{"count":9,"href":"http:\/\/www.zssv-illerberg-thal.de\/index.php?rest_route=\/wp\/v2\/pages\/201\/revisions"}],"predecessor-version":[{"id":1886,"href":"http:\/\/www.zssv-illerberg-thal.de\/index.php?rest_route=\/wp\/v2\/pages\/201\/revisions\/1886"}],"up":[{"embeddable":true,"href":"http:\/\/www.zssv-illerberg-thal.de\/index.php?rest_route=\/wp\/v2\/pages\/25"}],"wp:attachment":[{"href":"http:\/\/www.zssv-illerberg-thal.de\/index.php?rest_route=%2Fwp%2Fv2%2Fmedia&parent=201"}],"curies":[{"name":"wp","href":"https:\/\/api.w.org\/{rel}","templated":true}]}}

<h3>Königlich Priviligierte Feuerschützen-Gesellschaft Neu-Ulm</h3>
<p>Die Kgl. Priv. Feuerschützen-Gesellschaft Neu-Ulm ist unser Pate. Sie übernahm bei unserer Fahnenweihe am 01. Juni 1925 in Illerberg die Patenschaft für unseren Verein (heute: Königlich Priviligierte Schützengesellschaft 1870 Neu-Ulm).</p>
<h3>Zimmerstutzen-Schützenverein Weißenhorn</h3>
<p>Der Zimmerstutzen Schützenverein Illerberg-Thal übernahm bei der Fahnenweihe des Zimmerstutzen-Schützenvereins Weißenhorn am 11. Juli 1926 in Weißenhorn die Patenschaft (heute: Königlich Priviligierte Schützengesellschaft Weißenhorn).</p>
<h3>Schützenverein Emershofen</h3>
<p>Der Zimmerstutzen Schützenverein Illerberg-Thal ist Pate des Schützenvereins Emershofen. Anlässlich des 20-jährigen Vereinsjubiläums des Schützenvereins Emershofen wurde am 25. Mai 1929 in Emershofen die neue Fahne geweiht, wo unser Verein den Paten stellte.</p>
<h3>Schützenverein Adler Hittistetten-Witzighausen</h3>
<p>Am 8. Juli 1956 wurde in Witzighausen die Vereinsfahne des Schützenvereins Adler Hittistetten-Witzighausen geweiht. Dem Schützenverein Illerberg-Thal wurde die Ehre zuteil, die Patenschaft zu übernehmen.</p>

<p>Königlich Priviligierte Feuerschützen-Gesellschaft Neu-Ulm Die Kgl. Priv. Feuerschützen-Gesellschaft Neu-Ulm ist unser Pate. Sie übernahm bei unserer Fahnenweihe am 01. Juni 1925 in Illerberg die Patenschaft für unseren Verein (heute: Königlich Priviligierte Schützengesellschaft 1870 Neu-Ulm). Zimmerstutzen-Schützenverein Weißenhorn Der Zimmerstutzen Schützenverein Illerberg-Thal übernahm bei der Fahnenweihe des Zimmerstutzen-Schützenvereins Weißenhorn am 11. Juli 1926 in Weißenhorn die Patenschaft [&hellip;]</p>
